 of 6 and h.
6
Suppose -7*l + 58 = -96. Calculate the highest common divisor of l and 1298.
22
Let x = -22 - -31. Suppose -14*b + x*b = -315. Calculate the greatest common factor of 7 and b.
7
Let i(l) = l. Let x be i(-4). Suppose 3*y - 8 = 4*y. Let g = x - y. Calculate the greatest common factor of g and 16.
4
Suppose -5*f + 26 = 2*x, -x - 40 + 8 = -5*f. Let m(c) = c**2 - 19. Let q be m(f). What is the highest common factor of 51 and q?
17
Let k be -7 - (-11 - -9) - (-1 + -40). Suppose 0 = -3*j + 49 + 95. What is the greatest common factor of j and k?
12
Let g = -39 - -43. Suppose 0 = 2*r + 2*p - 12, g*r = -2*p + 9 + 11. Calculate the greatest common factor of 1 and r.
1
Suppose 39*r + 3648 = 58*r. What is the greatest common divisor of 64 and r?
64
Suppose -2*o = -4*i - 454, 4*o - 5*i - 176 = 729. Suppose f = -2*f + o. Let b be (-15)/4*(8 - 12). Calculate the greatest common factor of f and b.
15
Suppose 3*n - 2*h - 18 = 0, -5*h + h = 3*n - 18. Let q(w) = 0*w - 2 - n*w - 4*w. Let f be q(-5). Calculate the highest common divisor of 12 and f.
12
Let t = -9 - -14. Let c = 5 - t. Let v be (c - -1) + (-25)/(-5). Calculate the highest common divisor of v and 2.
2
Suppose -5*j + 182 = 2*z, -4*z - 7 - 9 = 0. Let w be 7/((-14)/(-4)) + j. Calculate the greatest common factor of w and 5.
5
Let s(p) = -p**2 + 11*p + 6. Suppose 3*b = 4*b + 4, -3*t = -2*b - 32. Let d be s(t). Calculate the greatest common divisor of 6 and d.
6
Suppose -98 + 2 = -12*t. Suppose -4*j + 3*j = -72. Calculate the greatest common factor of t and j.
8
Let a be (63 - 2) + (-7 + -4)/11. What is the greatest common factor of a and 465?
15
Let j = -465 - -505. What is the highest common factor of j and 170?
10
Let b be 1 + ((-147)/(-1))/7. What is the greatest common factor of b and 77?
11
Let x(q) = 4*q - 32. Let t = 19 + -3. Let v be x(t). What is the highest common factor of 224 and v?
32
Let p be (-3)/(-2)*(-80)/(-12). Suppose -f + 2*g - g + p = 0, 5*f + 3*g = 18. Suppose -3*b = -f*b + 189. What is the greatest common divisor of b and 9?
9
Suppose 4*i + 18*l - 22*l = 328, -3*i = -l - 250. What is the highest common factor of 266 and i?
14
Suppose -q + 13 = -1. Let d(m) = -78*m + 2 - 4 + 1 - 1. Let n be d(-2). What is the highest common factor of n and q?
14
Let y be (-933)/(-21) - ((-3)/(-7))/1. Let r(q) = -q**2 - 8*q - 4. Let i be r(-3). Calculate the greatest common factor of i and y.
11
Let x be 0 + -1 - (-31 - -28). Let k be -2*(0 - 3/(-2)). Let a = 6 + k. What is the highest common factor of a and x?
1
Let a be (-8)/(-20) + (-28)/(-5). Let b be (16 - 7)*(-1)/(-3). Let j be (-216)/b*(-12)/16. Calculate the greatest common factor of a and j.
6
Let b = 500 + -470. What is the highest common factor of b and 195?
15
Let w(y) = 2*y - 12. Let r be w(7). Suppose j = -r*j + 36. What is the highest common factor of j and 18?
6
Let t(x) = 74*x**2 + x - 4. Let c be t(-4). Calculate the highest common factor of c and 42.
42
Let a be (-3 - -2)*-1 + 3. Let y be a/(-8)*-2 - -32. Suppose 9*z = 6*z + y. Calculate the greatest common factor of z and 99.
11
Suppose 2*f = f + 231. Suppose -5 = 3*i - 14. Let c be i - ((-126)/(-4))/7*-4. What is the greatest common divisor of f and c?
21
Let l(r) = -15*r - 3*r**3 + 8*r + 1 + r**2 + 9*r. Let d be l(-1). What is the greatest common divisor of 48 and d?
3
Let b(w) = -65*w + 2. Let y be b(-2). Let p be -1*(4 + -8) - -26. Suppose 0 = 4*d - p - 18. What is the greatest common divisor of y and d?
12
Let u be (96/(-56))/(-1)*42. What is the highest common divisor of 504 and u?
72
Let k be -20*((-4)/2)/(24/15). Suppose 4*z - 475 = k. Calculate the greatest common factor of z and 50.
25
Suppose 0 = 5*p + 2*g - 206, 0*p - 5*g = -2*p + 94. Let u be (-104)/(-24) + 35/21. What is the highest common factor of p and u?
6
Let y(j) = j + 4. Let v be y(6). Let g(i) = 3*i - 24. Let m be g(v). Let r be m/33 + (-2900)/(-22). Calculate the greatest common divisor of 12 and r.
12
Let t(v) = -130*v - 198. Let x be t(-6). Calculate the greatest common divisor of x and 6.
6
Let t be (-5)/(-1) - (35/(-7) - 2). What is the greatest common factor of 1644 and t?
12
Let f(o) = 8*o - 4. Let l be f(3). Suppose 0 = 4*b - b + 5*g + 13, 4*b - 5*g - 41 = 0. Let r = 8 - b. What is the highest common factor of l and r?
4
Suppose 2*s + a - 358 = -0*s, 4 = -2*a. What is the greatest common factor of s and 108?
36
Let y = 0 + 2. Let p(l) = -2 + y*l - l - 4 + 26. Let c be p(-9). What is the highest common divisor of c and 22?
11
Suppose -12 = -0*u - 3*u. Let y(c) = -c**2 - 12*c - 8. Let b be y(-11). Let m be 1/(b - 415/140). Calculate the greatest common divisor of m and u.
4
Suppose 2*m = -2*z - z + 22, 2*m = 10. Suppose 9*d - 624 = -z*d. What is the greatest common divisor of 8 and d?
8
Suppose 29*m = 298 + 108. Let a(s) = s**2 + 5*s + 1. Let l be a(-6). What is the highest common divisor of m and l?
7
Suppose 0*s = -4*g + 5*s + 27, 3*g + s = 6. Let p = -4 - -9. Suppose p*d = g*d + 130. What is the highest common divisor of 13 and d?
13
Suppose -6*b = -2*b - 4*p - 28, -1 = 2*b + 3*p. Let a be (-34)/b*(-8)/4. Suppose a + 1 = 3*t. What is the highest common factor of t and 12?
6
Suppose -3*z + 0 - 24 = 0. Let j be (z/(-10))/(-4*4/(-440)). Let x(k) = -k**3 + 7*k**2 - k - 8. Let d be x(6). What is the highest common divisor of j and d?
22
Let z be 12/(-10)*(-45)/18. Suppose z*b = -1 - 14. Let d(k) = k**3 + 6*k**2 + 3*k + 1. Let t be d(b). What is the highest common divisor of 44 and t?
11
Suppose 5*r - 10 = 4*g + g, -g + 6 = r. Suppose 4*m = g*m + 4. Calculate the greatest common factor of m and 8.
2
Let u be (-338)/(-2) + -7 - 6. What is the greatest common divisor of u and 24?
12
Let f = -334 + 518. Suppose 0 = -2*w - 2*w + f. Suppose -3249 + 2329 = -8*q. What is the greatest common factor of w and q?
23
Suppose 343 = 9*b - 350. Calculate the highest common factor of b and 231.
77
Let l(h) = h**3 - 4*h**2 - h - 8. Let p be l(4). Let n be 10 + (p/(-5) - (-10)/(-25)). Let t = 13 + 83. What is the greatest common divisor of n and t?
12
Let i = 329 - 289. What is the highest common divisor of 56 and i?
8
Let c be 12/9 + (-68)/(-12). Suppose 0 = 2*m - c*m + 225. What is the greatest common factor of 90 and m?
45
Let p = -30 - -32. Suppose 0 = -r + p*r + v - 10, 0 = r + 2*v - 10. What is the greatest common divisor of r and 90?
10
Let t = 528 + -325. What is the greatest common factor of t and 58?
29
Suppose 0 = 2*l + 4*x - 2*x - 52, 3*x = 2*l - 57. Calculate the greatest common divisor of l and 6.
3
Suppose 2*r + 4*f - 78 = 0, 165 = -2*r + 6*r - f. Suppose -3*v + r = 32. Calculate the greatest common factor of 48 and v.
3
Let h be 1755/(-6)*(-4)/(-3). Let y be 0 + (h/(-9) - 2/(-3)). Let z = 8 + -4. Calculate the greatest common divisor of y and z.
4
Suppose 3*k - 228 = -3*f, -5*f + 5*k - 79 + 429 = 0. Let m = f - 57. Calculate the greatest common factor of 2 and m.
2
Let r(c) = -c - 2. Let k = 2 - 15. Let s be r(k). What is the highest common factor of 22 and s?
11
Let r be (-42 + 40)/(-3 - -1). Suppose 0 = 5*u + 5*i - 10, -3*i - 5 = -5*u + 5. What is the greatest common divisor of r and u?
1
Suppose -15 = 4*h + 17. Let x = 24 + h. Suppose -3*f = -3*l - 38 + 2, 3*l - 92 = -5*f. Calculate the greatest common factor of x and f.
16
Suppose 826 = 3*n + 3*g - 611, 0 = 4*n - 4*g - 1956. What is the greatest common divisor of 88 and n?
44
Let n(l) be the first derivative of -l**3/3 - 3*l**2/2 + 24*l - 5. Let i be n(0). Calculate the greatest common factor of i and 48.
24
Let t(q) = q**2 - 28*q + 2. Let g be t(22). Let o = -109 - g. Calculate the greatest common factor of 42 and o.
21
Let x(i) = -i + 7. Let a be x(5). What is the greatest common factor of a and 74?
2
Let l be 4/650*13 + 10348/25. Calculate the greatest common factor of l and 72.
18
Let u be (-40)/(-30)*6*2. Calculate the greatest common divisor of 80 and u.
16
Suppose -187 - 88 = -5*p + 5*d, -115 = -2*p + d. Suppose y - 18 - 2 = 0. Calculate the highest common divisor of p and y.
20
Let s(g) = -9*g**3 - g**2 + 16*g + 25. Let j be s(-2). Calculate the greatest common divisor of 671 and j.
61
Let u be (-910)/4*(-15 + 13). Calculate the highest common factor of u and 130.
65
Let s be 15 + 2*(-6 + (-45)/(-10)). What is the greatest com